d 80?
20
Let w = -268 - -271. Suppose -w*t = 5*q - 406, -13*t = -10*t - q - 394. What is the highest common divisor of t and 33?
33
Let k(u) = u**3 - 14*u + 0*u**2 + 1 + 10 - 3*u**2. Let x be k(5). Let t be 64/12 + 12/x. What is the greatest common divisor of 44 and t?
4
Let k be 1 + -4 + 3 + -4 + 1. Let g be (24/(-16))/(k/10). Suppose g*v + 4*w - 325 = 295, 4*w + 20 = 0. Calculate the highest common factor of v and 16.
16
Let r be (-4)/(-30) - (-12206)/30. Let z = 2 - -4. Suppose 31 = s - z. What is the highest common factor of s and r?
37
Let a be 1/((-6)/(-4050)*5). What is the greatest common divisor of a and 375?
15
Suppose -82*c - 6*c + 1653 = -c. What is the highest common divisor of c and 1577?
19
Suppose -9374 = -4*z - 4*r - 1178, -z + 2053 = 3*r. What is the highest common divisor of 534 and z?
89
Let v(y) = y**3 - 20*y**2 - 167*y + 307. Let j be v(27). Calculate the greatest common factor of j and 153.
17
Let h(a) = 2*a**2 + 2*a - 4. Suppose -2*y - 4 = 0, -3*o - 24 = o + 4*y. Let l be h(o). Let v be (-120)/9*6/(-4). Calculate the highest common factor of v and l.
20
Let k = -1569 - -4529. Calculate the greatest common divisor of k and 37.
37
Suppose -3*a + 3*g + 13881 = 0, 3*a + g - 18029 = -4132. Calculate the greatest common factor of 22 and a.
11
Let x = 65 + -47. Suppose -2*c + 2*t = 5*t - 9, -4*t = 2*c - 10. Suppose -3*h + 6*h - c*u - 150 = 0, 2*u + 10 = 0. What is the highest common factor of x and h?
9
Let i(p) = -p**3 + 38*p**2 - 36*p + 516. Let w be i(30). What is the greatest common divisor of 60 and w?
12
Suppose 4*h - 8*h = -72. Let n(o) be the first derivative of -7*o**2/2 - 8*o + 3. Let w be n(-2). Calculate the highest common divisor of w and h.
6
Suppose -4*w + 0*w + 112 = 2*l, 0 = -5*w - 20. Let x = 47720 + -47208. What is the highest common factor of x and l?
64
Let o be 5 - -6*1/(-2). Let a = -128 - -227. Suppose -7*f - o*f = -a. What is the highest common factor of f and 275?
11
Let p = -5803 + 5817. What is the greatest common factor of 23366 and p?
14
Let l(z) = 2*z**3 + 25*z**2 + 61*z + 59. Let d be l(-8). Calculate the greatest common factor of 21364 and d.
49
Suppose 2*z + 10 = 3*b - b, -z + 5*b = 17. Let d be 18*z/(-4)*24/36. Suppose 2 = -i + 50. Calculate the highest common divisor of d and i.
6
Let i = -4490 + 4524. Calculate the greatest common divisor of i and 2414.
34
Suppose -x + 3*t = -6 + 44, 0 = 2*x + 4*t + 66. Let l be x/1*(-4)/5. Suppose 202*f + 244*f = -251*f + 156128. Calculate the greatest common factor of f and l.
28
Suppose c = -2*p + 3*p - 162, 0 = -2*p + c + 324. Let q = -86 + p. Suppose -5*w + q = -4*d, -3*d = -w + 2*w. Calculate the greatest common divisor of 132 and w.
12
Let j(i) = 25*i + 1. Let z be j(5). Let g = -8182 + 8196. Calculate the greatest common factor of g and z.
14
Let h = 337065 + -337061. Let t = -15 + 35. Calculate the greatest common divisor of h and t.
4
Let f be 7/2 + (-9)/6. Suppose 2*p - 5*b = 335, f = -b + 5. Calculate the highest common factor of 25 and p.
25
Suppose 52 = -h + 14*h. Let v be 731/h - (-22)/88. What is the highest common factor of v and 61?
61
Suppose 123 + 919 = 2*x. Suppose 12*i - 66 = -10*i. Suppose -1088 = -i*y - 2*o, -x = -4*y - o + 933. Calculate the highest common divisor of 52 and y.
52
Suppose 2*i = -0*h + 3*h - 102, -4*h + 136 = 2*i. Suppose 3*c - 51 = 2682*m - 2683*m, -3*c + 51 = 7*m. What is the greatest common divisor of h and c?
17
Suppose 8868 = -3*r - 9*r. Let s = -515 - r. Calculate the greatest common divisor of 14 and s.
14
Suppose 9 = d + 10. Let w be (-720)/100*10/d. Calculate the greatest common factor of w and 9.
9
Suppose -139*z + 1304 = -642. Let f = 9 + -6. Suppose 4*k = -y - 0*y + 40, y + f*k - 37 = 0. What is the greatest common divisor of y and z?
14
Suppose -4*r - 4*b = -24, -200*b + 18 = 2*r - 204*b. What is the greatest common divisor of r and 12817?
7
Let f be (-66)/(-22) + 1 - (-2 + -3930). Calculate the greatest common divisor of f and 96.
96
Let p = -728 - -737. Suppose 0 = p*u - 107 - 415. Calculate the highest common factor of u and 319.
29
Suppose -19*k - 26187 = -40*k. What is the greatest common factor of k and 86?
43
Let l(b) = -49*b + 204. Let q be l(4). Let h(o) = 5*o**2 + 4*o. Let g be -5*(-2 - 14/(-5)). Let n be h(g). Calculate the greatest common divisor of q and n.
8
Suppose -10 = -5*s + s - p, -2*s + 5*p = 6. Let m be (-14 + 14)/(-1*s). Suppose m = -0*v + 2*v - 168. What is the highest common factor of 210 and v?
42
Suppose -212*l + 365*l - 21114 = 0. Calculate the greatest common divisor of l and 2829.
69
Suppose -40*w + 531 + 662 = -527. Calculate the highest common divisor of w and 1075.
43
Let x be 12/6 + 0 + 0 + 6. Suppose 5*j - x*j + 3*c + 171 = 0, 3*c = -j + 73. What is the highest common divisor of 61 and j?
61
Let f = -79 - -67. Let g be 85 - (-4)/f*3. Suppose 11*i - 136 = g. What is the greatest common factor of 220 and i?
20
Let v(n) = -n**3 + 3*n**2. Let g be v(3). Suppose g = -2*r + 477 + 403. Suppose 8*c + r = 12*c. Calculate the greatest common divisor of c and 10.
10
Let l = 13907 - 13888. Suppose 4*n = 97 - 21. What is the greatest common factor of l and n?
19
Let l be 12/(-32) + 5/(-8) - -4. Suppose -2*i + i + 64 = o, -224 = -l*o + 5*i. Calculate the highest common divisor of o and 170.
34
Let r(k) = 3*k**2 + 658*k + 1967. Let g be r(-3). Let p(d) = -d**2 + 12*d - 12. Let s be p(8). Calculate the highest common divisor of s and g.
20
Suppose -5*c - 3*a + 5513 = 0, 3 + 17 = -5*a. Calculate the highest common factor of 455 and c.
65
Let g be (-2199)/(-6) - 1 - 186/372. What is the highest common divisor of g and 20?
5
Let p = -13504 + 13606. Calculate the highest common divisor of 31722 and p.
102
Let d = -140 - -151. Suppose 326 = d*r - 928. Calculate the greatest common factor of 76 and r.
38
Let k = -24 - -37. Suppose -5280*d = -5283*d - 4*w + 324, 4*w - 12 = 0. What is the greatest common divisor of d and k?
13
Let v be 512/(-52) + 6 - 2/13. Let b be (9720/(-24))/(-3 - 10/v). What is the greatest common divisor of b and 90?
90
Suppose 0 = 220*b - 6641 - 2819. Calculate the highest common divisor of b and 39474.
43
Let b be 6/(-6 - 0) + 4009. Calculate the greatest common divisor of b and 24.
24
Suppose o = -2*o + 42. Suppose 15*t = o*t + 3. Suppose -15 = -5*g, q - 54 = -g - g. Calculate the greatest common divisor of t and q.
3
Let m = 74 + -69. Let a(z) = 15*z - 4. Let l be a(m). Suppose c - l = -5*t, -c - 157 = -3*c + 5*t. Calculate the greatest common divisor of c and 19.
19
Let v be 3/(3/1)*(11 + -9). Let s = 3 + v. Suppose -t - o = -2 - 5, 26 = 4*t + s*o. Calculate the highest common divisor of 1 and t.
1
Let i = -664 + 759. Let r(k) = 2*k**2 - 35*k - 2. Let f be r(29). Calculate the highest common divisor of i and f.
95
Let r(y) = y**3 - 37*y**2 - 109*y + 325. Let d be r(43). What is the highest common divisor of d and 220?
44
Let z(v) = v**2 - 28*v + 25. Suppose 4*w - 8*w = -4*m - 100, -4*m = 2*w - 74. Let o be z(w). Calculate the greatest common factor of o and 12.
6
Suppose -2*n + 82*a - 85*a = -3078, -2*n + 2*a + 3118 = 0. Calculate the greatest common divisor of n and 94.
47
Suppose -4*q + 2*u = -682, -2*q + 2*u - 48 = -394. Suppose 0 = -4*c + 8*c + 4*b - q, 2*c - 3*b = 74. Calculate the highest common factor of 32 and c.
8
Let a(b) = -4*b**3 + 40*b**2 + 2*b - 12. Let q be a(10). Calculate the greatest common factor of 1724 and q.
4
Let o be (-3655)/(-15) - (0 - -3 - 189/81). Calculate the greatest common divisor of o and 2592.
81
Suppose 0 = -5*g + 710 + 1175. What is the greatest common factor of g and 29?
29
Let r(l) = 3*l**2 + 6 + l**2 - 1 + 3 + l**2. Let j be (-2 - -1)/((-2)/(-8)). Let v be r(j). What is the greatest common divisor of v and 8?
8
Suppose 0 = -3*s + 3*c + 572 + 856, s = -4*c + 501. Let u = 510 - s. Calculate the highest common divisor of 464 and u.
29
Let i = 8 + 77. Suppose 3*n - 116 = -5*s, 0 = -s + 5*s + 5*n - i. What is the greatest common divisor of s and 10?
5
Suppose 2*o + 11 = x, -3*x - 26 = -4*x + 5*o. Let p be ((-357)/(-34))/(x/(-10)). Let k be 0 + 2 - p/7. What is the highest common factor of 68 and k?
17
Let m be (-10442)/(-15) - (-64)/(-480). Suppose m = 25*c - c. What is the highest common factor of 319 and c?
29
Let d be (-66)/11